{"id":369641,"date":"2025-09-23T12:34:07","date_gmt":"2025-09-23T12:34:07","guid":{"rendered":"https:\/\/occasions-teile.ch\/product\/audi-a1-geblaesemotor-luefter-2\/"},"modified":"2025-09-23T12:34:19","modified_gmt":"2025-09-23T12:34:19","slug":"audi-a1-geblaesemotor-luefter-2","status":"publish","type":"product","link":"https:\/\/occasions-teile.ch\/fr\/produkt\/audi-a1-geblaesemotor-luefter-2\/","title":{"rendered":"Audi A1  Gebl\u00e4semotor L\u00fcfter"},"content":{"rendered":"<p><span><b>Technische Daten<\/b><\/p>\n<p> Fahrzeug: Audi A1<br \/>\n Chassis Nr.: WAUZZZGB5KR024752<br \/>\n Baujahr: 2019<br \/>\n Kilometer: 67303 KM<br \/>\n Leistung: 200 KW<br \/>\n Hubraum: 1984 ccm<br \/>\n Typ: X<br \/>\n Farbcode: rot<br \/>\n Hinweise: &#8211;<\/p>\n<p> Versand: Versand nur in der Schweiz m\u00f6glich.Im Ausland ist der Transport k\u00e4uferseits.<br \/>\n Garantie: 3 Monate Garantie. Bitte beachten Sie, dass die Gew\u00e4hrleistung nur g\u00fcltig ist, wenn der Ersatzteileinbau durch eine Fachwerkstatt\/Meisterwerkstatt erfolgt. Das Ein- und Ausbau des Ersatzteiles kann nicht an uns verrechnet werden. <\/p>\n<p> Ersatzteil: f\u00fcr andere Fahrzeugen (Marken) verf\u00fcgbar auf anfrage. Tel.041 980 27 47. Mobil. 076 589 27 47<\/p>\n<p> Kontakt<br \/>\n  Adresse: Autoverwertung Brun AG<br \/>\n           M\u00f6\u00f6slimatten 13<br \/>\n           6218 Ettiswil<br \/>\n  Telefon: 0041 (041) 980 27 47<br \/>\n  Telefax: 0041 (041) 980 03 47<\/p>\n<p> Wir bieten Ihnen weitere gebrauchte Autoteile zum Kauf an.<br \/>\n Tags: Gebl\u00e4semotor L\u00fcfter , Blower motor fan interior, Moteur de ventilateur inte\u00b4rieur du ventilateur<br \/>\n<\/span><\/p>\n","protected":false},"excerpt":{"rendered":"<p>Technische Daten Fahrzeug: Audi A1 Chassis Nr.: WAUZZZGB5KR024752 Baujahr: 2019 Kilometer: 67303 KM Leistung: 200 KW Hubraum: 1984 ccm Typ: X Farbcode: rot Hinweise: &#8211; Versand: Versand nur in der Schweiz m\u00f6glich.Im Ausland ist der Transport k\u00e4uferseits. Garantie: 3 Monate Garantie. Bitte beachten Sie, dass die Gew\u00e4hrleistung nur g\u00fcltig ist, wenn der Ersatzteileinbau durch eine&hellip; <a class=\"more-link\" href=\"https:\/\/occasions-teile.ch\/fr\/produkt\/audi-a1-geblaesemotor-luefter-2\/\">Poursuivre la lecture <span class=\"screen-reader-text\">Audi A1  Gebl\u00e4semotor L\u00fcfter<\/span><\/a><\/p>\n","protected":false},"featured_media":369638,"template":"","meta":[],"product_brand":[],"product_cat":[4301,4302,4303,458,461,464,860,861,717,859,858,714,711,862,863,24652,24650,24651],"product_tag":[],"class_list":{"0":"post-369641","1":"product","2":"type-product","3":"status-publish","4":"has-post-thumbnail","6":"product_cat-de_slug_audi_a1_209","7":"product_cat-en_slug_audi_a1_693","8":"product_cat-fr_slug_audi_a1_970","9":"product_cat-de_audi","10":"product_cat-en_audi","11":"product_cat-fr_audi","12":"product_cat-en-blower-motor-fan-interior","13":"product_cat-en-blower-motor-fan-interior-en-blower-motor-fan-interior","14":"product_cat-fr-chauffage-climatisation","15":"product_cat-de-geblaesemotor-luefter-innenraum","16":"product_cat-de-geblaesemotor-luefterinnenraum","17":"product_cat-en-heating-air-conditioning","18":"product_cat-de-heizung-klima","19":"product_cat-fr-moteur-de-ventilateur-interieur-du-ventilateur","20":"product_cat-fr-moteur-de-ventilateur-interieur-du-ventilateur-fr-moteur-de-ventilateur-interieur-du-ventilateur","21":"product_cat-fr-wauzzzgb5kr024752-200000518","22":"product_cat-de-wauzzzgb5kr024752-200000518","23":"product_cat-en-wauzzzgb5kr024752-200000518","24":"product_shipping_class-tarif-1","25":"entry","27":"first","28":"instock","29":"taxable","30":"shipping-taxable","31":"purchasable","32":"product-type-simple"},"jetpack_sharing_enabled":true,"_links":{"self":[{"href":"https:\/\/occasions-teile.ch\/fr\/wp-json\/wp\/v2\/product\/369641","targetHints":{"allow":["GET"]}}],"collection":[{"href":"https:\/\/occasions-teile.ch\/fr\/wp-json\/wp\/v2\/product"}],"about":[{"href":"https:\/\/occasions-teile.ch\/fr\/wp-json\/wp\/v2\/types\/product"}],"wp:featuredmedia":[{"embeddable":true,"href":"https:\/\/occasions-teile.ch\/fr\/wp-json\/wp\/v2\/media\/369638"}],"wp:attachment":[{"href":"https:\/\/occasions-teile.ch\/fr\/wp-json\/wp\/v2\/media?parent=369641"}],"wp:term":[{"taxonomy":"product_brand","embeddable":true,"href":"https:\/\/occasions-teile.ch\/fr\/wp-json\/wp\/v2\/product_brand?post=369641"},{"taxonomy":"product_cat","embeddable":true,"href":"https:\/\/occasions-teile.ch\/fr\/wp-json\/wp\/v2\/product_cat?post=369641"},{"taxonomy":"product_tag","embeddable":true,"href":"https:\/\/occasions-teile.ch\/fr\/wp-json\/wp\/v2\/product_tag?post=369641"}],"curies":[{"name":"wp","href":"https:\/\/api.w.org\/{rel}","templated":true}]}}

Audi A1  Gebläsemotor Lüfter

<p><span><b>Technische Daten</b></p>
<p> Fahrzeug: Audi A1<br />
 Chassis Nr.: WAUZZZGB5KR024752<br />
 Baujahr: 2019<br />
 Kilometer: 67303 KM<br />
 Leistung: 200 KW<br />
 Hubraum: 1984 ccm<br />
 Typ: X<br />
 Farbcode: rot<br />
 Hinweise: &#8211;</p>
<p> Versand: Versand nur in der Schweiz möglich.Im Ausland ist der Transport käuferseits.<br />
 Garantie: 3 Monate Garantie. Bitte beachten Sie, dass die Gewährleistung nur gültig ist, wenn der Ersatzteileinbau durch eine Fachwerkstatt/Meisterwerkstatt erfolgt. Das Ein- und Ausbau des Ersatzteiles kann nicht an uns verrechnet werden. </p>
<p> Ersatzteil: für andere Fahrzeugen (Marken) verfügbar auf anfrage. Tel.041 980 27 47. Mobil. 076 589 27 47</p>
<p> Kontakt<br />
  Adresse: Autoverwertung Brun AG<br />
           Mööslimatten 13<br />
           6218 Ettiswil<br />
  Telefon: 0041 (041) 980 27 47<br />
  Telefax: 0041 (041) 980 03 47</p>
<p> Wir bieten Ihnen weitere gebrauchte Autoteile zum Kauf an.<br />
 Tags: Gebläsemotor Lüfter , Blower motor fan interior, Moteur de ventilateur inte´rieur du ventilateur<br />
</span></p>

<p>Technische Daten Fahrzeug: Audi A1 Chassis Nr.: WAUZZZGB5KR024752 Baujahr: 2019 Kilometer: 67303 KM Leistung: 200 KW Hubraum: 1984 ccm Typ: X Farbcode: rot Hinweise: &#8211; Versand: Versand nur in der Schweiz möglich.Im Ausland ist der Transport käuferseits. Garantie: 3 Monate Garantie. Bitte beachten Sie, dass die Gewährleistung nur gültig ist, wenn der Ersatzteileinbau durch eine&hellip; <a class="more-link" href="https://occasions-teile.ch/fr/produkt/audi-a1-geblaesemotor-luefter-2/">Poursuivre la lecture <span class="screen-reader-text">Audi A1  Gebläsemotor Lüfter</span></a></p>
