{"id":356010,"date":"2025-05-23T16:09:47","date_gmt":"2025-05-23T16:09:47","guid":{"rendered":"https:\/\/occasions-teile.ch\/product\/volvo-s60-pralltraeger-quertraeger-hinten\/"},"modified":"2025-05-23T16:09:58","modified_gmt":"2025-05-23T16:09:58","slug":"volvo-s60-pralltraeger-quertraeger-hinten","status":"publish","type":"product","link":"https:\/\/occasions-teile.ch\/fr\/produkt\/volvo-s60-pralltraeger-quertraeger-hinten\/","title":{"rendered":"Volvo S60  Pralltr\u00e4ger Quertr\u00e4ger hinten"},"content":{"rendered":"<p><span><b>Technische Daten<\/b><\/p>\n<p> Fahrzeug: Volvo S60<br \/>\n Chassis Nr.: YV1FS5250B2002808<br \/>\n Baujahr: 2011<br \/>\n Kilometer: 61468 KM<br \/>\n Leistung: 163 KW<br \/>\n Hubraum: 1984 ccm<br \/>\n Typ: X<br \/>\n Farbcode: Schwarz<br \/>\n Hinweise: &#8211;<\/p>\n<p> Versand: Versand nur in der Schweiz m\u00f6glich.Im Ausland ist der Transport k\u00e4uferseits.<br \/>\n Garantie: 3 Monate Garantie. Bitte beachten Sie, dass die Gew\u00e4hrleistung nur g\u00fcltig ist, wenn der Ersatzteileinbau durch eine Fachwerkstatt\/Meisterwerkstatt erfolgt. Das Ein- und Ausbau des Ersatzteiles kann nicht an uns verrechnet werden. <\/p>\n<p> Ersatzteil: f\u00fcr andere Fahrzeugen (Marken) verf\u00fcgbar auf anfrage. Tel.041 980 27 47. Mobil. 076 589 27 47<\/p>\n<p> Kontakt<br \/>\n  Adresse: Autoverwertung Brun AG<br \/>\n           M\u00f6\u00f6slimatten 13<br \/>\n           6218 Ettiswil<br \/>\n  Telefon: 0041 (041) 980 27 47<br \/>\n  Telefax: 0041 (041) 980 03 47<\/p>\n<p> Wir bieten Ihnen weitere gebrauchte Autoteile zum Kauf an.<br \/>\n Tags: Pralltr\u00e4ger Quertr\u00e4ger hinten, Impact girder cross girder rear , Barre d&rsquo;impact barre transversale arrie`re<br \/>\n<\/span><\/p>\n","protected":false},"excerpt":{"rendered":"<p>Technische Daten Fahrzeug: Volvo S60 Chassis Nr.: YV1FS5250B2002808 Baujahr: 2011 Kilometer: 61468 KM Leistung: 163 KW Hubraum: 1984 ccm Typ: X Farbcode: Schwarz Hinweise: &#8211; Versand: Versand nur in der Schweiz m\u00f6glich.Im Ausland ist der Transport k\u00e4uferseits. Garantie: 3 Monate Garantie. Bitte beachten Sie, dass die Gew\u00e4hrleistung nur g\u00fcltig ist, wenn der Ersatzteileinbau durch eine&hellip; <a class=\"more-link\" href=\"https:\/\/occasions-teile.ch\/fr\/produkt\/volvo-s60-pralltraeger-quertraeger-hinten\/\">Poursuivre la lecture <span class=\"screen-reader-text\">Volvo S60  Pralltr\u00e4ger Quertr\u00e4ger hinten<\/span><\/a><\/p>\n","protected":false},"featured_media":356007,"template":"","meta":[],"product_brand":[],"product_cat":[1266,524,752,527,1265,521,754,1264,3424,3422,3423,750,2903,2904,2905,24503,24504,24505],"product_tag":[],"class_list":{"0":"post-356010","1":"product","2":"type-product","3":"status-publish","4":"has-post-thumbnail","6":"product_cat-fr-barre-dimpactbarre-transversale-arriere","7":"product_cat-en-body-rear","8":"product_cat-en-bumper-rearparts","9":"product_cat-fr-carrosserie-arriere","10":"product_cat-en-impact-girdercross-girder-rear","11":"product_cat-de-karosserie-heck","12":"product_cat-fr-pare-chocs-arrierepieces","13":"product_cat-de-pralltraeger-quertraeger-hinten","14":"product_cat-fr_slug_volvo_s60_565","15":"product_cat-de_slug_volvo_s60_741","16":"product_cat-en_slug_volvo_s60_272","17":"product_cat-de-stossfaengerhintenteile","18":"product_cat-de_volvo","19":"product_cat-en_volvo","20":"product_cat-fr_volvo","21":"product_cat-de-yv1fs5250b2002808-200000469","22":"product_cat-en-yv1fs5250b2002808-200000469","23":"product_cat-fr-yv1fs5250b2002808-200000469","24":"product_shipping_class-tarif-2","25":"entry","27":"first","28":"instock","29":"taxable","30":"shipping-taxable","31":"purchasable","32":"product-type-simple"},"jetpack_sharing_enabled":true,"_links":{"self":[{"href":"https:\/\/occasions-teile.ch\/fr\/wp-json\/wp\/v2\/product\/356010","targetHints":{"allow":["GET"]}}],"collection":[{"href":"https:\/\/occasions-teile.ch\/fr\/wp-json\/wp\/v2\/product"}],"about":[{"href":"https:\/\/occasions-teile.ch\/fr\/wp-json\/wp\/v2\/types\/product"}],"wp:featuredmedia":[{"embeddable":true,"href":"https:\/\/occasions-teile.ch\/fr\/wp-json\/wp\/v2\/media\/356007"}],"wp:attachment":[{"href":"https:\/\/occasions-teile.ch\/fr\/wp-json\/wp\/v2\/media?parent=356010"}],"wp:term":[{"taxonomy":"product_brand","embeddable":true,"href":"https:\/\/occasions-teile.ch\/fr\/wp-json\/wp\/v2\/product_brand?post=356010"},{"taxonomy":"product_cat","embeddable":true,"href":"https:\/\/occasions-teile.ch\/fr\/wp-json\/wp\/v2\/product_cat?post=356010"},{"taxonomy":"product_tag","embeddable":true,"href":"https:\/\/occasions-teile.ch\/fr\/wp-json\/wp\/v2\/product_tag?post=356010"}],"curies":[{"name":"wp","href":"https:\/\/api.w.org\/{rel}","templated":true}]}}

Volvo S60  Prallträger Querträger hinten

<p><span><b>Technische Daten</b></p>
<p> Fahrzeug: Volvo S60<br />
 Chassis Nr.: YV1FS5250B2002808<br />
 Baujahr: 2011<br />
 Kilometer: 61468 KM<br />
 Leistung: 163 KW<br />
 Hubraum: 1984 ccm<br />
 Typ: X<br />
 Farbcode: Schwarz<br />
 Hinweise: &#8211;</p>
<p> Versand: Versand nur in der Schweiz möglich.Im Ausland ist der Transport käuferseits.<br />
 Garantie: 3 Monate Garantie. Bitte beachten Sie, dass die Gewährleistung nur gültig ist, wenn der Ersatzteileinbau durch eine Fachwerkstatt/Meisterwerkstatt erfolgt. Das Ein- und Ausbau des Ersatzteiles kann nicht an uns verrechnet werden. </p>
<p> Ersatzteil: für andere Fahrzeugen (Marken) verfügbar auf anfrage. Tel.041 980 27 47. Mobil. 076 589 27 47</p>
<p> Kontakt<br />
  Adresse: Autoverwertung Brun AG<br />
           Mööslimatten 13<br />
           6218 Ettiswil<br />
  Telefon: 0041 (041) 980 27 47<br />
  Telefax: 0041 (041) 980 03 47</p>
<p> Wir bieten Ihnen weitere gebrauchte Autoteile zum Kauf an.<br />
 Tags: Prallträger Querträger hinten, Impact girder cross girder rear , Barre d&rsquo;impact barre transversale arrie`re<br />
</span></p>

<p>Technische Daten Fahrzeug: Volvo S60 Chassis Nr.: YV1FS5250B2002808 Baujahr: 2011 Kilometer: 61468 KM Leistung: 163 KW Hubraum: 1984 ccm Typ: X Farbcode: Schwarz Hinweise: &#8211; Versand: Versand nur in der Schweiz möglich.Im Ausland ist der Transport käuferseits. Garantie: 3 Monate Garantie. Bitte beachten Sie, dass die Gewährleistung nur gültig ist, wenn der Ersatzteileinbau durch eine&hellip; <a class="more-link" href="https://occasions-teile.ch/fr/produkt/volvo-s60-pralltraeger-quertraeger-hinten/">Poursuivre la lecture <span class="screen-reader-text">Volvo S60  Prallträger Querträger hinten</span></a></p>
