{"id":35521,"date":"2023-05-17T13:54:28","date_gmt":"2023-05-17T13:54:28","guid":{"rendered":"https:\/\/occasions-teile.ch\/product\/seat-ibiza-kombiinstrument-tacho-3\/"},"modified":"2023-05-17T13:54:32","modified_gmt":"2023-05-17T13:54:32","slug":"seat-ibiza-kombiinstrument-tacho-3","status":"publish","type":"product","link":"https:\/\/occasions-teile.ch\/fr\/produkt\/seat-ibiza-kombiinstrument-tacho-3\/","title":{"rendered":"SEAT Ibiza  Kombiinstrument, Tacho"},"content":{"rendered":"<p><span><b>Donn\u00e9es techniques<\/b><\/p>\n<p> V\u00e9hicule: SEAT Ibiza<br \/>\n N\u00b0 de ch\u00e2ssis: VSSZZZKJZLR036184<br \/>\n Ann\u00e9e de production: 2019<br \/>\n Kilom\u00e9trage: 15000 KM<br \/>\n Puissance: 115 KW<br \/>\n Cylindr\u00e9e du moteur: 999 ccm<br \/>\n Typ: 1sh826<br \/>\n Code couleur: rot<br \/>\n Remarques: &#8211;<\/p>\n<p> Exp\u00e9dition : L&rsquo;exp\u00e9dition n&rsquo;est disponible qu&rsquo;en Suisse. Dans d&rsquo;autres pays, l&rsquo;acheteur est responsable du transport.<br \/>\n Garantie : 3 mois de garantie. Veuillez noter que la garantie n&rsquo;est valable que si les pi\u00e8ces de rechange sont install\u00e9es par un atelier sp\u00e9cialis\u00e9\/ma\u00eetre. Le montage et le d\u00e9montage de la pi\u00e8ce de rechange ne peuvent pas nous \u00eatre factur\u00e9s.<\/p>\n<p> Pi\u00e8ce de rechange : pour d&rsquo;autres v\u00e9hicules (marques) disponible sur demande. T\u00e9l. 041 980 27 47. Portable. 076 589 27 47<\/p>\n<p>  Contact<br \/>\n   Adresse : Autoverwertung Brun AG<br \/>\n              M\u00f6\u00f6slimatten 13<br \/>\n              6218 Ettiswil<br \/>\n   T\u00e9l\u00e9phone : 0041 (041) 980 27 47<br \/>\n   T\u00e9l\u00e9fax : 0041 (041) 980 03 47<\/p>\n<p>  Nous proposons \u00e9galement d&rsquo;autres pi\u00e8ces automobiles d&rsquo;occasion \u00e0 vendre.<br \/>\n<\/span><\/p>\n","protected":false},"excerpt":{"rendered":"<p>Donn\u00e9es techniques V\u00e9hicule: SEAT Ibiza N\u00b0 de ch\u00e2ssis: VSSZZZKJZLR036184 Ann\u00e9e de production: 2019 Kilom\u00e9trage: 15000 KM Puissance: 115 KW Cylindr\u00e9e du moteur: 999 ccm Typ: 1sh826 Code couleur: rot Remarques: &#8211; Exp\u00e9dition : L&rsquo;exp\u00e9dition n&rsquo;est disponible qu&rsquo;en Suisse. Dans d&rsquo;autres pays, l&rsquo;acheteur est responsable du transport. Garantie : 3 mois de garantie. Veuillez noter que&hellip; <a class=\"more-link\" href=\"https:\/\/occasions-teile.ch\/fr\/produkt\/seat-ibiza-kombiinstrument-tacho-3\/\">Poursuivre la lecture <span class=\"screen-reader-text\">SEAT Ibiza  Kombiinstrument, Tacho<\/span><\/a><\/p>\n","protected":false},"featured_media":35512,"template":"","meta":[],"product_brand":[],"product_cat":[827,627,624,621,1622,1624,1626,825,823,1497,1500,1494,824,822,826,2006,2007,2008],"product_tag":[],"class_list":{"0":"post-35521","1":"product","2":"type-product","3":"status-publish","4":"has-post-thumbnail","6":"product_cat-fr-combine-d-instruments-tachymetre","7":"product_cat-fr-electricite-dispositifs-de-commande","8":"product_cat-en-electrics-control-units","9":"product_cat-de-elektrik-steuergeraete","10":"product_cat-de_ibiza","11":"product_cat-en_ibiza","12":"product_cat-fr_ibiza","13":"product_cat-en-instrument-clusterspeedometer","14":"product_cat-de-kombiinstrument-tacho","15":"product_cat-en_seat","16":"product_cat-fr_seat","17":"product_cat-de_seat","18":"product_cat-en-speedometerindicators","19":"product_cat-de-tachoanzeigegeraete","20":"product_cat-fr-tachymetreindicateurs","21":"product_cat-de-vsszzzkjzlr036184","22":"product_cat-en-vsszzzkjzlr036184","23":"product_cat-fr-vsszzzkjzlr036184","24":"product_shipping_class-tarif-1-fr","25":"entry","27":"first","28":"outofstock","29":"taxable","30":"shipping-taxable","31":"purchasable","32":"product-type-simple"},"jetpack_sharing_enabled":true,"_links":{"self":[{"href":"https:\/\/occasions-teile.ch\/fr\/wp-json\/wp\/v2\/product\/35521","targetHints":{"allow":["GET"]}}],"collection":[{"href":"https:\/\/occasions-teile.ch\/fr\/wp-json\/wp\/v2\/product"}],"about":[{"href":"https:\/\/occasions-teile.ch\/fr\/wp-json\/wp\/v2\/types\/product"}],"wp:featuredmedia":[{"embeddable":true,"href":"https:\/\/occasions-teile.ch\/fr\/wp-json\/wp\/v2\/media\/35512"}],"wp:attachment":[{"href":"https:\/\/occasions-teile.ch\/fr\/wp-json\/wp\/v2\/media?parent=35521"}],"wp:term":[{"taxonomy":"product_brand","embeddable":true,"href":"https:\/\/occasions-teile.ch\/fr\/wp-json\/wp\/v2\/product_brand?post=35521"},{"taxonomy":"product_cat","embeddable":true,"href":"https:\/\/occasions-teile.ch\/fr\/wp-json\/wp\/v2\/product_cat?post=35521"},{"taxonomy":"product_tag","embeddable":true,"href":"https:\/\/occasions-teile.ch\/fr\/wp-json\/wp\/v2\/product_tag?post=35521"}],"curies":[{"name":"wp","href":"https:\/\/api.w.org\/{rel}","templated":true}]}}

<p><span><b>Données techniques</b></p>
<p> Véhicule: SEAT Ibiza<br />
 N° de châssis: VSSZZZKJZLR036184<br />
 Année de production: 2019<br />
 Kilométrage: 15000 KM<br />
 Puissance: 115 KW<br />
 Cylindrée du moteur: 999 ccm<br />
 Typ: 1sh826<br />
 Code couleur: rot<br />
 Remarques: &#8211;</p>
<p> Expédition : L&rsquo;expédition n&rsquo;est disponible qu&rsquo;en Suisse. Dans d&rsquo;autres pays, l&rsquo;acheteur est responsable du transport.<br />
 Garantie : 3 mois de garantie. Veuillez noter que la garantie n&rsquo;est valable que si les pièces de rechange sont installées par un atelier spécialisé/maître. Le montage et le démontage de la pièce de rechange ne peuvent pas nous être facturés.</p>
<p> Pièce de rechange : pour d&rsquo;autres véhicules (marques) disponible sur demande. Tél. 041 980 27 47. Portable. 076 589 27 47</p>
<p>  Contact<br />
   Adresse : Autoverwertung Brun AG<br />
              Mööslimatten 13<br />
              6218 Ettiswil<br />
   Téléphone : 0041 (041) 980 27 47<br />
   Téléfax : 0041 (041) 980 03 47</p>
<p>  Nous proposons également d&rsquo;autres pièces automobiles d&rsquo;occasion à vendre.<br />
</span></p>

<p>Données techniques Véhicule: SEAT Ibiza N° de châssis: VSSZZZKJZLR036184 Année de production: 2019 Kilométrage: 15000 KM Puissance: 115 KW Cylindrée du moteur: 999 ccm Typ: 1sh826 Code couleur: rot Remarques: &#8211; Expédition : L&rsquo;expédition n&rsquo;est disponible qu&rsquo;en Suisse. Dans d&rsquo;autres pays, l&rsquo;acheteur est responsable du transport. Garantie : 3 mois de garantie. Veuillez noter que&hellip; <a class="more-link" href="https://occasions-teile.ch/fr/produkt/seat-ibiza-kombiinstrument-tacho-3/">Poursuivre la lecture <span class="screen-reader-text">SEAT Ibiza  Kombiinstrument, Tacho</span></a></p>
