{"id":299735,"date":"2024-04-24T18:41:21","date_gmt":"2024-04-24T18:41:21","guid":{"rendered":"https:\/\/occasions-teile.ch\/product\/opel-vivaro-querlenker-vorne-links\/"},"modified":"2024-05-29T04:27:40","modified_gmt":"2024-05-29T04:27:40","slug":"opel-vivaro-querlenker-vorne-links","status":"publish","type":"product","link":"https:\/\/occasions-teile.ch\/fr\/produkt\/opel-vivaro-querlenker-vorne-links\/","title":{"rendered":"Opel Vivaro  Querlenker vorne links"},"content":{"rendered":"<p><span><b>Technische Daten<\/b><\/p>\n<p> Fahrzeug: Opel Vivaro<br \/>\n Chassis Nr.: W0L3F7018GV614987<br \/>\n Baujahr: 2015<br \/>\n Kilometer: 209209 KM<br \/>\n Leistung: 116 KW<br \/>\n Hubraum: 1598 ccm<br \/>\n Typ: 3OB108<br \/>\n Farbcode: White\/Weiss<br \/>\n Hinweise: &#8211;<\/p>\n<p> Versand: Versand nur in der Schweiz m\u00f6glich.Im Ausland ist der Transport k\u00e4uferseits.<br \/>\n Garantie: 3 Monate Garantie. Bitte beachten Sie, dass die Gew\u00e4hrleistung nur g\u00fcltig ist, wenn der Ersatzteileinbau durch eine Fachwerkstatt\/Meisterwerkstatt erfolgt. Das Ein- und Ausbau des Ersatzteiles kann nicht an uns verrechnet werden. <\/p>\n<p> Ersatzteil: f\u00fcr andere Fahrzeugen (Marken) verf\u00fcgbar auf anfrage. Tel.041 980 27 47. Mobil. 076 589 27 47<\/p>\n<p> Kontakt<br \/>\n  Adresse: Autoverwertung Brun AG<br \/>\n           M\u00f6\u00f6slimatten 13<br \/>\n           6218 Ettiswil<br \/>\n  Telefon: 0041 (041) 980 27 47<br \/>\n  Telefax: 0041 (041) 980 03 47<\/p>\n<p> Wir bieten Ihnen weitere gebrauchte Autoteile zum Kauf an.<br \/>\n Tags: Querlenker vorne links, Wishbone front left , Bras de suspension avant gauche<br \/>\n<\/span><\/p>\n","protected":false},"excerpt":{"rendered":"<p>Technische Daten Fahrzeug: Opel Vivaro Chassis Nr.: W0L3F7018GV614987 Baujahr: 2015 Kilometer: 209209 KM Leistung: 116 KW Hubraum: 1598 ccm Typ: 3OB108 Farbcode: White\/Weiss Hinweise: &#8211; Versand: Versand nur in der Schweiz m\u00f6glich.Im Ausland ist der Transport k\u00e4uferseits. Garantie: 3 Monate Garantie. Bitte beachten Sie, dass die Gew\u00e4hrleistung nur g\u00fcltig ist, wenn der Ersatzteileinbau durch eine&hellip; <a class=\"more-link\" href=\"https:\/\/occasions-teile.ch\/fr\/produkt\/opel-vivaro-querlenker-vorne-links\/\">Poursuivre la lecture <span class=\"screen-reader-text\">Opel Vivaro  Querlenker vorne links<\/span><\/a><\/p>\n","protected":false},"featured_media":299732,"template":"","meta":[],"product_brand":[],"product_cat":[18890,23811,793,794,544,541,616,619,613,789,790,547,2262,2264,2266,2263,2265,2261,791,792],"product_tag":[],"class_list":{"0":"post-299735","1":"product","2":"type-product","3":"status-publish","4":"has-post-thumbnail","6":"product_cat-de-b-1-6-cdti-de_vivaro-de_opel-manufacturer-36","7":"product_cat-de-b-1-6-cdti-de_vivaro-de_opel-manufacturer-47","8":"product_cat-fr-bras-de-suspension","9":"product_cat-fr-bras-de-suspension-avant-gauche","10":"product_cat-en-chassis-steering","11":"product_cat-de-fahrwerk-lenkung","12":"product_cat-en_opel","13":"product_cat-fr_opel","14":"product_cat-de_opel","15":"product_cat-de-querlenker","16":"product_cat-de-querlenker-vorne-links","17":"product_cat-fr-train-de-roulement-direction","18":"product_cat-de_vivaro","19":"product_cat-en_vivaro","20":"product_cat-fr_vivaro","21":"product_cat-en-w0l3f7018gv614987-20000193","22":"product_cat-fr-w0l3f7018gv614987-20000193","23":"product_cat-de-w0l3f7018gv614987-20000193","24":"product_cat-en-wishbone","25":"product_cat-en-wishbone-front-left","26":"product_shipping_class-tarif-1","27":"entry","29":"first","30":"instock","31":"taxable","32":"shipping-taxable","33":"purchasable","34":"product-type-simple"},"jetpack_sharing_enabled":true,"_links":{"self":[{"href":"https:\/\/occasions-teile.ch\/fr\/wp-json\/wp\/v2\/product\/299735","targetHints":{"allow":["GET"]}}],"collection":[{"href":"https:\/\/occasions-teile.ch\/fr\/wp-json\/wp\/v2\/product"}],"about":[{"href":"https:\/\/occasions-teile.ch\/fr\/wp-json\/wp\/v2\/types\/product"}],"wp:featuredmedia":[{"embeddable":true,"href":"https:\/\/occasions-teile.ch\/fr\/wp-json\/wp\/v2\/media\/299732"}],"wp:attachment":[{"href":"https:\/\/occasions-teile.ch\/fr\/wp-json\/wp\/v2\/media?parent=299735"}],"wp:term":[{"taxonomy":"product_brand","embeddable":true,"href":"https:\/\/occasions-teile.ch\/fr\/wp-json\/wp\/v2\/product_brand?post=299735"},{"taxonomy":"product_cat","embeddable":true,"href":"https:\/\/occasions-teile.ch\/fr\/wp-json\/wp\/v2\/product_cat?post=299735"},{"taxonomy":"product_tag","embeddable":true,"href":"https:\/\/occasions-teile.ch\/fr\/wp-json\/wp\/v2\/product_tag?post=299735"}],"curies":[{"name":"wp","href":"https:\/\/api.w.org\/{rel}","templated":true}]}}

<p><span><b>Technische Daten</b></p>
<p> Fahrzeug: Opel Vivaro<br />
 Chassis Nr.: W0L3F7018GV614987<br />
 Baujahr: 2015<br />
 Kilometer: 209209 KM<br />
 Leistung: 116 KW<br />
 Hubraum: 1598 ccm<br />
 Typ: 3OB108<br />
 Farbcode: White/Weiss<br />
 Hinweise: &#8211;</p>
<p> Versand: Versand nur in der Schweiz möglich.Im Ausland ist der Transport käuferseits.<br />
 Garantie: 3 Monate Garantie. Bitte beachten Sie, dass die Gewährleistung nur gültig ist, wenn der Ersatzteileinbau durch eine Fachwerkstatt/Meisterwerkstatt erfolgt. Das Ein- und Ausbau des Ersatzteiles kann nicht an uns verrechnet werden. </p>
<p> Ersatzteil: für andere Fahrzeugen (Marken) verfügbar auf anfrage. Tel.041 980 27 47. Mobil. 076 589 27 47</p>
<p> Kontakt<br />
  Adresse: Autoverwertung Brun AG<br />
           Mööslimatten 13<br />
           6218 Ettiswil<br />
  Telefon: 0041 (041) 980 27 47<br />
  Telefax: 0041 (041) 980 03 47</p>
<p> Wir bieten Ihnen weitere gebrauchte Autoteile zum Kauf an.<br />
 Tags: Querlenker vorne links, Wishbone front left , Bras de suspension avant gauche<br />
</span></p>

<p>Technische Daten Fahrzeug: Opel Vivaro Chassis Nr.: W0L3F7018GV614987 Baujahr: 2015 Kilometer: 209209 KM Leistung: 116 KW Hubraum: 1598 ccm Typ: 3OB108 Farbcode: White/Weiss Hinweise: &#8211; Versand: Versand nur in der Schweiz möglich.Im Ausland ist der Transport käuferseits. Garantie: 3 Monate Garantie. Bitte beachten Sie, dass die Gewährleistung nur gültig ist, wenn der Ersatzteileinbau durch eine&hellip; <a class="more-link" href="https://occasions-teile.ch/fr/produkt/opel-vivaro-querlenker-vorne-links/">Poursuivre la lecture <span class="screen-reader-text">Opel Vivaro  Querlenker vorne links</span></a></p>
