{"id":297209,"date":"2024-04-23T04:36:50","date_gmt":"2024-04-23T04:36:50","guid":{"rendered":"https:\/\/occasions-teile.ch\/product\/peugeot-308-nebelscheinwerfer\/"},"modified":"2024-05-26T20:35:47","modified_gmt":"2024-05-26T20:35:47","slug":"peugeot-308-nebelscheinwerfer","status":"publish","type":"product","link":"https:\/\/occasions-teile.ch\/fr\/produkt\/peugeot-308-nebelscheinwerfer\/","title":{"rendered":"Peugeot 308  Nebelscheinwerfer"},"content":{"rendered":"<p><span><b>Technische Daten<\/b><\/p>\n<p> Fahrzeug: Peugeot 308<br \/>\n Chassis Nr.: VF3LPHNYWFS103545<br \/>\n Baujahr: 2015<br \/>\n Kilometer: 97755 KM<br \/>\n Leistung: 131 KW<br \/>\n Hubraum: 1199 ccm<br \/>\n Typ: 1PB778<br \/>\n Farbcode: White\/Weiss<br \/>\n Hinweise: &#8211;<\/p>\n<p> Versand: Versand nur in der Schweiz m\u00f6glich.Im Ausland ist der Transport k\u00e4uferseits.<br \/>\n Garantie: 3 Monate Garantie. Bitte beachten Sie, dass die Gew\u00e4hrleistung nur g\u00fcltig ist, wenn der Ersatzteileinbau durch eine Fachwerkstatt\/Meisterwerkstatt erfolgt. Das Ein- und Ausbau des Ersatzteiles kann nicht an uns verrechnet werden. <\/p>\n<p> Ersatzteil: f\u00fcr andere Fahrzeugen (Marken) verf\u00fcgbar auf anfrage. Tel.041 980 27 47. Mobil. 076 589 27 47<\/p>\n<p> Kontakt<br \/>\n  Adresse: Autoverwertung Brun AG<br \/>\n           M\u00f6\u00f6slimatten 13<br \/>\n           6218 Ettiswil<br \/>\n  Telefon: 0041 (041) 980 27 47<br \/>\n  Telefax: 0041 (041) 980 03 47<\/p>\n<p> Wir bieten Ihnen weitere gebrauchte Autoteile zum Kauf an.<br \/>\n Tags: Nebelscheinwerfer, Fog light, Phares antibrouillard<br \/>\n<\/span><\/p>\n","protected":false},"excerpt":{"rendered":"<p>Technische Daten Fahrzeug: Peugeot 308 Chassis Nr.: VF3LPHNYWFS103545 Baujahr: 2015 Kilometer: 97755 KM Leistung: 131 KW Hubraum: 1199 ccm Typ: 1PB778 Farbcode: White\/Weiss Hinweise: &#8211; Versand: Versand nur in der Schweiz m\u00f6glich.Im Ausland ist der Transport k\u00e4uferseits. Garantie: 3 Monate Garantie. Bitte beachten Sie, dass die Gew\u00e4hrleistung nur g\u00fcltig ist, wenn der Ersatzteileinbau durch eine&hellip; <a class=\"more-link\" href=\"https:\/\/occasions-teile.ch\/fr\/produkt\/peugeot-308-nebelscheinwerfer\/\">Poursuivre la lecture <span class=\"screen-reader-text\">Peugeot 308  Nebelscheinwerfer<\/span><\/a><\/p>\n","protected":false},"featured_media":297206,"template":"","meta":[],"product_brand":[],"product_cat":[18254,23663,2354,2350,2352,515,518,1245,1246,512,1244,1243,1184,1187,1190,1248,1247,2353,2349,2351],"product_tag":[],"class_list":{"0":"post-297209","1":"product","2":"type-product","3":"status-publish","4":"has-post-thumbnail","6":"product_cat-de-1-2-thp-de_308","7":"product_cat-de-1-2-thp-de_308-de_peugeot-manufacturer-12","8":"product_cat-fr_308","9":"product_cat-de_308","10":"product_cat-en_308","11":"product_cat-en-body-front","12":"product_cat-fr-carrosserie-front","13":"product_cat-en-fog-light","14":"product_cat-en-fog-light-en-fog-light","15":"product_cat-de-karosserie-front","16":"product_cat-de-nebelscheinwerfer-de-nebelscheinwerfer","17":"product_cat-de-nebelscheinwerfer","18":"product_cat-de_peugeot","19":"product_cat-en_peugeot","20":"product_cat-fr_peugeot","21":"product_cat-fr-phares-antibrouillard-fr-phares-antibrouillard","22":"product_cat-fr-phares-antibrouillard","23":"product_cat-fr-vf3lphnywfs103545-20000204","24":"product_cat-de-vf3lphnywfs103545-20000204","25":"product_cat-en-vf3lphnywfs103545-20000204","26":"product_shipping_class-tarif-1","27":"entry","29":"first","30":"instock","31":"taxable","32":"shipping-taxable","33":"purchasable","34":"product-type-simple"},"jetpack_sharing_enabled":true,"_links":{"self":[{"href":"https:\/\/occasions-teile.ch\/fr\/wp-json\/wp\/v2\/product\/297209","targetHints":{"allow":["GET"]}}],"collection":[{"href":"https:\/\/occasions-teile.ch\/fr\/wp-json\/wp\/v2\/product"}],"about":[{"href":"https:\/\/occasions-teile.ch\/fr\/wp-json\/wp\/v2\/types\/product"}],"wp:featuredmedia":[{"embeddable":true,"href":"https:\/\/occasions-teile.ch\/fr\/wp-json\/wp\/v2\/media\/297206"}],"wp:attachment":[{"href":"https:\/\/occasions-teile.ch\/fr\/wp-json\/wp\/v2\/media?parent=297209"}],"wp:term":[{"taxonomy":"product_brand","embeddable":true,"href":"https:\/\/occasions-teile.ch\/fr\/wp-json\/wp\/v2\/product_brand?post=297209"},{"taxonomy":"product_cat","embeddable":true,"href":"https:\/\/occasions-teile.ch\/fr\/wp-json\/wp\/v2\/product_cat?post=297209"},{"taxonomy":"product_tag","embeddable":true,"href":"https:\/\/occasions-teile.ch\/fr\/wp-json\/wp\/v2\/product_tag?post=297209"}],"curies":[{"name":"wp","href":"https:\/\/api.w.org\/{rel}","templated":true}]}}

<p><span><b>Technische Daten</b></p>
<p> Fahrzeug: Peugeot 308<br />
 Chassis Nr.: VF3LPHNYWFS103545<br />
 Baujahr: 2015<br />
 Kilometer: 97755 KM<br />
 Leistung: 131 KW<br />
 Hubraum: 1199 ccm<br />
 Typ: 1PB778<br />
 Farbcode: White/Weiss<br />
 Hinweise: &#8211;</p>
<p> Versand: Versand nur in der Schweiz möglich.Im Ausland ist der Transport käuferseits.<br />
 Garantie: 3 Monate Garantie. Bitte beachten Sie, dass die Gewährleistung nur gültig ist, wenn der Ersatzteileinbau durch eine Fachwerkstatt/Meisterwerkstatt erfolgt. Das Ein- und Ausbau des Ersatzteiles kann nicht an uns verrechnet werden. </p>
<p> Ersatzteil: für andere Fahrzeugen (Marken) verfügbar auf anfrage. Tel.041 980 27 47. Mobil. 076 589 27 47</p>
<p> Kontakt<br />
  Adresse: Autoverwertung Brun AG<br />
           Mööslimatten 13<br />
           6218 Ettiswil<br />
  Telefon: 0041 (041) 980 27 47<br />
  Telefax: 0041 (041) 980 03 47</p>
<p> Wir bieten Ihnen weitere gebrauchte Autoteile zum Kauf an.<br />
 Tags: Nebelscheinwerfer, Fog light, Phares antibrouillard<br />
</span></p>

<p>Technische Daten Fahrzeug: Peugeot 308 Chassis Nr.: VF3LPHNYWFS103545 Baujahr: 2015 Kilometer: 97755 KM Leistung: 131 KW Hubraum: 1199 ccm Typ: 1PB778 Farbcode: White/Weiss Hinweise: &#8211; Versand: Versand nur in der Schweiz möglich.Im Ausland ist der Transport käuferseits. Garantie: 3 Monate Garantie. Bitte beachten Sie, dass die Gewährleistung nur gültig ist, wenn der Ersatzteileinbau durch eine&hellip; <a class="more-link" href="https://occasions-teile.ch/fr/produkt/peugeot-308-nebelscheinwerfer/">Poursuivre la lecture <span class="screen-reader-text">Peugeot 308  Nebelscheinwerfer</span></a></p>
