{"id":296817,"date":"2024-04-22T22:25:10","date_gmt":"2024-04-22T22:25:10","guid":{"rendered":"https:\/\/occasions-teile.ch\/product\/subaru-xv-geblaesemotor-luefter\/"},"modified":"2024-05-25T05:44:38","modified_gmt":"2024-05-25T05:44:38","slug":"subaru-xv-geblaesemotor-luefter","status":"publish","type":"product","link":"https:\/\/occasions-teile.ch\/fr\/produkt\/subaru-xv-geblaesemotor-luefter\/","title":{"rendered":"Subaru XV  Gebl\u00e4semotor L\u00fcfter"},"content":{"rendered":"<p><span><b>Technische Daten<\/b><\/p>\n<p> Fahrzeug: Subaru XV<br \/>\n Chassis Nr.: JF1GP7LC5EG210306<br \/>\n Baujahr: 2015<br \/>\n Kilometer: 45000 KM<br \/>\n Leistung: 150 KW<br \/>\n Hubraum: 1995 ccm<br \/>\n Typ: 1SC775<br \/>\n Farbcode: White\/Weiss<br \/>\n Hinweise: &#8211;<\/p>\n<p> Versand: Versand nur in der Schweiz m\u00f6glich.Im Ausland ist der Transport k\u00e4uferseits.<br \/>\n Garantie: 3 Monate Garantie. Bitte beachten Sie, dass die Gew\u00e4hrleistung nur g\u00fcltig ist, wenn der Ersatzteileinbau durch eine Fachwerkstatt\/Meisterwerkstatt erfolgt. Das Ein- und Ausbau des Ersatzteiles kann nicht an uns verrechnet werden. <\/p>\n<p> Ersatzteil: f\u00fcr andere Fahrzeugen (Marken) verf\u00fcgbar auf anfrage. Tel.041 980 27 47. Mobil. 076 589 27 47<\/p>\n<p> Kontakt<br \/>\n  Adresse: Autoverwertung Brun AG<br \/>\n           M\u00f6\u00f6slimatten 13<br \/>\n           6218 Ettiswil<br \/>\n  Telefon: 0041 (041) 980 27 47<br \/>\n  Telefax: 0041 (041) 980 03 47<\/p>\n<p> Wir bieten Ihnen weitere gebrauchte Autoteile zum Kauf an.<br \/>\n Tags: Gebl\u00e4semotor L\u00fcfter , Blower motor fan interior, Moteur de ventilateur inte\u00b4rieur du ventilateur<br \/>\n<\/span><\/p>\n","protected":false},"excerpt":{"rendered":"<p>Technische Daten Fahrzeug: Subaru XV Chassis Nr.: JF1GP7LC5EG210306 Baujahr: 2015 Kilometer: 45000 KM Leistung: 150 KW Hubraum: 1995 ccm Typ: 1SC775 Farbcode: White\/Weiss Hinweise: &#8211; Versand: Versand nur in der Schweiz m\u00f6glich.Im Ausland ist der Transport k\u00e4uferseits. Garantie: 3 Monate Garantie. Bitte beachten Sie, dass die Gew\u00e4hrleistung nur g\u00fcltig ist, wenn der Ersatzteileinbau durch eine&hellip; <a class=\"more-link\" href=\"https:\/\/occasions-teile.ch\/fr\/produkt\/subaru-xv-geblaesemotor-luefter\/\">Poursuivre la lecture <span class=\"screen-reader-text\">Subaru XV  Gebl\u00e4semotor L\u00fcfter<\/span><\/a><\/p>\n","protected":false},"featured_media":296814,"template":"","meta":[],"product_brand":[],"product_cat":[23603,18155,860,861,717,859,858,714,711,2076,2077,2078,862,863,1202,1205,1199,1200,1203,1206],"product_tag":[],"class_list":{"0":"post-296817","1":"product","2":"type-product","3":"status-publish","4":"has-post-thumbnail","6":"product_cat-de-2-0-i-awd-de_xv-de_subaru-manufacturer-13","7":"product_cat-de-2-0-i-awd-de_xv-de_subaru","8":"product_cat-en-blower-motor-fan-interior","9":"product_cat-en-blower-motor-fan-interior-en-blower-motor-fan-interior","10":"product_cat-fr-chauffage-climatisation","11":"product_cat-de-geblaesemotor-luefter-innenraum","12":"product_cat-de-geblaesemotor-luefterinnenraum","13":"product_cat-en-heating-air-conditioning","14":"product_cat-de-heizung-klima","15":"product_cat-de-jf1gp7lc5eg210306","16":"product_cat-en-jf1gp7lc5eg210306","17":"product_cat-fr-jf1gp7lc5eg210306","18":"product_cat-fr-moteur-de-ventilateur-interieur-du-ventilateur","19":"product_cat-fr-moteur-de-ventilateur-interieur-du-ventilateur-fr-moteur-de-ventilateur-interieur-du-ventilateur","20":"product_cat-en_subaru","21":"product_cat-fr_subaru","22":"product_cat-de_subaru","23":"product_cat-de_xv","24":"product_cat-en_xv","25":"product_cat-fr_xv","26":"product_shipping_class-tarif-1","27":"entry","29":"first","30":"instock","31":"taxable","32":"shipping-taxable","33":"purchasable","34":"product-type-simple"},"jetpack_sharing_enabled":true,"_links":{"self":[{"href":"https:\/\/occasions-teile.ch\/fr\/wp-json\/wp\/v2\/product\/296817","targetHints":{"allow":["GET"]}}],"collection":[{"href":"https:\/\/occasions-teile.ch\/fr\/wp-json\/wp\/v2\/product"}],"about":[{"href":"https:\/\/occasions-teile.ch\/fr\/wp-json\/wp\/v2\/types\/product"}],"wp:featuredmedia":[{"embeddable":true,"href":"https:\/\/occasions-teile.ch\/fr\/wp-json\/wp\/v2\/media\/296814"}],"wp:attachment":[{"href":"https:\/\/occasions-teile.ch\/fr\/wp-json\/wp\/v2\/media?parent=296817"}],"wp:term":[{"taxonomy":"product_brand","embeddable":true,"href":"https:\/\/occasions-teile.ch\/fr\/wp-json\/wp\/v2\/product_brand?post=296817"},{"taxonomy":"product_cat","embeddable":true,"href":"https:\/\/occasions-teile.ch\/fr\/wp-json\/wp\/v2\/product_cat?post=296817"},{"taxonomy":"product_tag","embeddable":true,"href":"https:\/\/occasions-teile.ch\/fr\/wp-json\/wp\/v2\/product_tag?post=296817"}],"curies":[{"name":"wp","href":"https:\/\/api.w.org\/{rel}","templated":true}]}}

Subaru XV  Gebläsemotor Lüfter

<p><span><b>Technische Daten</b></p>
<p> Fahrzeug: Subaru XV<br />
 Chassis Nr.: JF1GP7LC5EG210306<br />
 Baujahr: 2015<br />
 Kilometer: 45000 KM<br />
 Leistung: 150 KW<br />
 Hubraum: 1995 ccm<br />
 Typ: 1SC775<br />
 Farbcode: White/Weiss<br />
 Hinweise: &#8211;</p>
<p> Versand: Versand nur in der Schweiz möglich.Im Ausland ist der Transport käuferseits.<br />
 Garantie: 3 Monate Garantie. Bitte beachten Sie, dass die Gewährleistung nur gültig ist, wenn der Ersatzteileinbau durch eine Fachwerkstatt/Meisterwerkstatt erfolgt. Das Ein- und Ausbau des Ersatzteiles kann nicht an uns verrechnet werden. </p>
<p> Ersatzteil: für andere Fahrzeugen (Marken) verfügbar auf anfrage. Tel.041 980 27 47. Mobil. 076 589 27 47</p>
<p> Kontakt<br />
  Adresse: Autoverwertung Brun AG<br />
           Mööslimatten 13<br />
           6218 Ettiswil<br />
  Telefon: 0041 (041) 980 27 47<br />
  Telefax: 0041 (041) 980 03 47</p>
<p> Wir bieten Ihnen weitere gebrauchte Autoteile zum Kauf an.<br />
 Tags: Gebläsemotor Lüfter , Blower motor fan interior, Moteur de ventilateur inte´rieur du ventilateur<br />
</span></p>

<p>Technische Daten Fahrzeug: Subaru XV Chassis Nr.: JF1GP7LC5EG210306 Baujahr: 2015 Kilometer: 45000 KM Leistung: 150 KW Hubraum: 1995 ccm Typ: 1SC775 Farbcode: White/Weiss Hinweise: &#8211; Versand: Versand nur in der Schweiz möglich.Im Ausland ist der Transport käuferseits. Garantie: 3 Monate Garantie. Bitte beachten Sie, dass die Gewährleistung nur gültig ist, wenn der Ersatzteileinbau durch eine&hellip; <a class="more-link" href="https://occasions-teile.ch/fr/produkt/subaru-xv-geblaesemotor-luefter/">Poursuivre la lecture <span class="screen-reader-text">Subaru XV  Gebläsemotor Lüfter</span></a></p>
