{"id":369985,"date":"2025-09-25T13:28:59","date_gmt":"2025-09-25T13:28:59","guid":{"rendered":"https:\/\/occasions-teile.ch\/product\/opel-vivaro-aufpralltraeger-quertraeger\/"},"modified":"2025-09-25T13:29:09","modified_gmt":"2025-09-25T13:29:09","slug":"opel-vivaro-aufpralltraeger-quertraeger","status":"publish","type":"product","link":"https:\/\/occasions-teile.ch\/en\/produkt\/opel-vivaro-aufpralltraeger-quertraeger\/","title":{"rendered":"Opel Vivaro  Aufpralltr\u00e4ger Quertr\u00e4ger"},"content":{"rendered":"<p><span><b>Technische Daten<\/b><\/p>\n<p> Fahrzeug: Opel Vivaro<br \/>\n Chassis Nr.: W0LF7F608HS020236<br \/>\n Baujahr: 2017<br \/>\n Kilometer: 221972 KM<br \/>\n Leistung: 95 KW<br \/>\n Hubraum: 1598 ccm<br \/>\n Typ: 3OB158<br \/>\n Farbcode: White\/Weiss<br \/>\n Hinweise: &#8211;<\/p>\n<p> Versand: Versand nur in der Schweiz m\u00f6glich.Im Ausland ist der Transport k\u00e4uferseits.<br \/>\n Garantie: 3 Monate Garantie. Bitte beachten Sie, dass die Gew\u00e4hrleistung nur g\u00fcltig ist, wenn der Ersatzteileinbau durch eine Fachwerkstatt\/Meisterwerkstatt erfolgt. Das Ein- und Ausbau des Ersatzteiles kann nicht an uns verrechnet werden. <\/p>\n<p> Ersatzteil: f\u00fcr andere Fahrzeugen (Marken) verf\u00fcgbar auf anfrage. Tel.041 980 27 47. Mobil. 076 589 27 47<\/p>\n<p> Kontakt<br \/>\n  Adresse: Autoverwertung Brun AG<br \/>\n           M\u00f6\u00f6slimatten 13<br \/>\n           6218 Ettiswil<br \/>\n  Telefon: 0041 (041) 980 27 47<br \/>\n  Telefax: 0041 (041) 980 03 47<\/p>\n<p> Wir bieten Ihnen weitere gebrauchte Autoteile zum Kauf an.<br \/>\n Tags: Aufpralltr\u00e4ger Quertr\u00e4ger, Impact beam cross beam, poutre d&#8217;impact poutre transversale<br \/>\n<\/span><\/p>\n","protected":false},"excerpt":{"rendered":"<p>Technische Daten Fahrzeug: Opel Vivaro Chassis Nr.: W0LF7F608HS020236 Baujahr: 2017 Kilometer: 221972 KM Leistung: 95 KW Hubraum: 1598 ccm Typ: 3OB158 Farbcode: White\/Weiss Hinweise: &#8211; Versand: Versand nur in der Schweiz m\u00f6glich.Im Ausland ist der Transport k\u00e4uferseits. Garantie: 3 Monate Garantie. Bitte beachten Sie, dass die Gew\u00e4hrleistung nur g\u00fcltig ist, wenn der Ersatzteileinbau durch eine&hellip; <a class=\"more-link\" href=\"https:\/\/occasions-teile.ch\/en\/produkt\/opel-vivaro-aufpralltraeger-quertraeger\/\">Continue reading <span class=\"screen-reader-text\">Opel Vivaro  Aufpralltr\u00e4ger Quertr\u00e4ger<\/span><\/a><\/p>\n","protected":false},"featured_media":369982,"template":"","meta":[],"product_brand":[],"product_cat":[1027,515,1028,518,1029,512,619,613,616,1030,1031,1026,2262,2264,2266,24659,24660,24661],"product_tag":[],"class_list":{"0":"post-369985","1":"product","2":"type-product","3":"status-publish","4":"has-post-thumbnail","6":"product_cat-de-aufpralltraeger-quertraeger","7":"product_cat-en-body-front","8":"product_cat-en-bumper-frontparts","9":"product_cat-fr-carrosserie-front","10":"product_cat-en-impact-beamcross-beam","11":"product_cat-de-karosserie-front","12":"product_cat-fr_opel","13":"product_cat-de_opel","14":"product_cat-en_opel","15":"product_cat-fr-pare-chocs-avant-pieces","16":"product_cat-fr-poutre-dimpactpoutre-transversale","17":"product_cat-de-stossfaengervornteile","18":"product_cat-de_vivaro","19":"product_cat-en_vivaro","20":"product_cat-fr_vivaro","21":"product_cat-de-w0lf7f608hs020236-200000517","22":"product_cat-en-w0lf7f608hs020236-200000517","23":"product_cat-fr-w0lf7f608hs020236-200000517","24":"product_shipping_class-tarif-5","25":"entry","27":"first","28":"instock","29":"taxable","30":"shipping-taxable","31":"purchasable","32":"product-type-simple"},"jetpack_sharing_enabled":true,"_links":{"self":[{"href":"https:\/\/occasions-teile.ch\/en\/wp-json\/wp\/v2\/product\/369985","targetHints":{"allow":["GET"]}}],"collection":[{"href":"https:\/\/occasions-teile.ch\/en\/wp-json\/wp\/v2\/product"}],"about":[{"href":"https:\/\/occasions-teile.ch\/en\/wp-json\/wp\/v2\/types\/product"}],"wp:featuredmedia":[{"embeddable":true,"href":"https:\/\/occasions-teile.ch\/en\/wp-json\/wp\/v2\/media\/369982"}],"wp:attachment":[{"href":"https:\/\/occasions-teile.ch\/en\/wp-json\/wp\/v2\/media?parent=369985"}],"wp:term":[{"taxonomy":"product_brand","embeddable":true,"href":"https:\/\/occasions-teile.ch\/en\/wp-json\/wp\/v2\/product_brand?post=369985"},{"taxonomy":"product_cat","embeddable":true,"href":"https:\/\/occasions-teile.ch\/en\/wp-json\/wp\/v2\/product_cat?post=369985"},{"taxonomy":"product_tag","embeddable":true,"href":"https:\/\/occasions-teile.ch\/en\/wp-json\/wp\/v2\/product_tag?post=369985"}],"curies":[{"name":"wp","href":"https:\/\/api.w.org\/{rel}","templated":true}]}}

Opel Vivaro  Aufprallträger Querträger

<p><span><b>Technische Daten</b></p>
<p> Fahrzeug: Opel Vivaro<br />
 Chassis Nr.: W0LF7F608HS020236<br />
 Baujahr: 2017<br />
 Kilometer: 221972 KM<br />
 Leistung: 95 KW<br />
 Hubraum: 1598 ccm<br />
 Typ: 3OB158<br />
 Farbcode: White/Weiss<br />
 Hinweise: &#8211;</p>
<p> Versand: Versand nur in der Schweiz möglich.Im Ausland ist der Transport käuferseits.<br />
 Garantie: 3 Monate Garantie. Bitte beachten Sie, dass die Gewährleistung nur gültig ist, wenn der Ersatzteileinbau durch eine Fachwerkstatt/Meisterwerkstatt erfolgt. Das Ein- und Ausbau des Ersatzteiles kann nicht an uns verrechnet werden. </p>
<p> Ersatzteil: für andere Fahrzeugen (Marken) verfügbar auf anfrage. Tel.041 980 27 47. Mobil. 076 589 27 47</p>
<p> Kontakt<br />
  Adresse: Autoverwertung Brun AG<br />
           Mööslimatten 13<br />
           6218 Ettiswil<br />
  Telefon: 0041 (041) 980 27 47<br />
  Telefax: 0041 (041) 980 03 47</p>
<p> Wir bieten Ihnen weitere gebrauchte Autoteile zum Kauf an.<br />
 Tags: Aufprallträger Querträger, Impact beam cross beam, poutre d&#8217;impact poutre transversale<br />
</span></p>

<p>Technische Daten Fahrzeug: Opel Vivaro Chassis Nr.: W0LF7F608HS020236 Baujahr: 2017 Kilometer: 221972 KM Leistung: 95 KW Hubraum: 1598 ccm Typ: 3OB158 Farbcode: White/Weiss Hinweise: &#8211; Versand: Versand nur in der Schweiz möglich.Im Ausland ist der Transport käuferseits. Garantie: 3 Monate Garantie. Bitte beachten Sie, dass die Gewährleistung nur gültig ist, wenn der Ersatzteileinbau durch eine&hellip; <a class="more-link" href="https://occasions-teile.ch/en/produkt/opel-vivaro-aufpralltraeger-quertraeger/">Continue reading <span class="screen-reader-text">Opel Vivaro  Aufprallträger Querträger</span></a></p>
