{"id":369256,"date":"2025-09-19T13:32:57","date_gmt":"2025-09-19T13:32:57","guid":{"rendered":"https:\/\/occasions-teile.ch\/product\/renault-scenic-klimaleitung\/"},"modified":"2025-09-19T13:33:08","modified_gmt":"2025-09-19T13:33:08","slug":"renault-scenic-klimaleitung","status":"publish","type":"product","link":"https:\/\/occasions-teile.ch\/en\/produkt\/renault-scenic-klimaleitung\/","title":{"rendered":"Renault Scenic  Klimaleitung"},"content":{"rendered":"<p><span><b>Technische Daten<\/b><\/p>\n<p> Fahrzeug: Renault Scenic<br \/>\n Chassis Nr.: VF1RFA00564438413<br \/>\n Baujahr: 2020<br \/>\n Kilometer: 42871 KM<br \/>\n Leistung: 163 KW<br \/>\n Hubraum: 1332 ccm<br \/>\n Typ: 1RD102<br \/>\n Farbcode: blau<br \/>\n Hinweise: &#8211;<\/p>\n<p> Versand: Versand nur in der Schweiz m\u00f6glich.Im Ausland ist der Transport k\u00e4uferseits.<br \/>\n Garantie: 3 Monate Garantie. Bitte beachten Sie, dass die Gew\u00e4hrleistung nur g\u00fcltig ist, wenn der Ersatzteileinbau durch eine Fachwerkstatt\/Meisterwerkstatt erfolgt. Das Ein- und Ausbau des Ersatzteiles kann nicht an uns verrechnet werden. <\/p>\n<p> Ersatzteil: f\u00fcr andere Fahrzeugen (Marken) verf\u00fcgbar auf anfrage. Tel.041 980 27 47. Mobil. 076 589 27 47<\/p>\n<p> Kontakt<br \/>\n  Adresse: Autoverwertung Brun AG<br \/>\n           M\u00f6\u00f6slimatten 13<br \/>\n           6218 Ettiswil<br \/>\n  Telefon: 0041 (041) 980 27 47<br \/>\n  Telefax: 0041 (041) 980 03 47<\/p>\n<p> Wir bieten Ihnen weitere gebrauchte Autoteile zum Kauf an.<br \/>\n Tags: Klimaleitung, Air conditioning line, Conduite de climatisation<br \/>\n<\/span><\/p>\n","protected":false},"excerpt":{"rendered":"<p>Technische Daten Fahrzeug: Renault Scenic Chassis Nr.: VF1RFA00564438413 Baujahr: 2020 Kilometer: 42871 KM Leistung: 163 KW Hubraum: 1332 ccm Typ: 1RD102 Farbcode: blau Hinweise: &#8211; Versand: Versand nur in der Schweiz m\u00f6glich.Im Ausland ist der Transport k\u00e4uferseits. Garantie: 3 Monate Garantie. Bitte beachten Sie, dass die Gew\u00e4hrleistung nur g\u00fcltig ist, wenn der Ersatzteileinbau durch eine&hellip; <a class=\"more-link\" href=\"https:\/\/occasions-teile.ch\/en\/produkt\/renault-scenic-klimaleitung\/\">Continue reading <span class=\"screen-reader-text\">Renault Scenic  Klimaleitung<\/span><\/a><\/p>\n","protected":false},"featured_media":369253,"template":"","meta":[],"product_brand":[],"product_cat":[1372,1373,717,1375,1374,714,711,1371,1370,2433,2436,2439,3528,3529,3527,24643,24641,24642],"product_tag":[],"class_list":{"0":"post-369256","1":"product","2":"type-product","3":"status-publish","4":"has-post-thumbnail","6":"product_cat-en-air-conditioning-line","7":"product_cat-en-air-conditioning-line-en-air-conditioning-line","8":"product_cat-fr-chauffage-climatisation","9":"product_cat-fr-conduite-de-climatisation-fr-conduite-de-climatisation","10":"product_cat-fr-conduite-de-climatisation","11":"product_cat-en-heating-air-conditioning","12":"product_cat-de-heizung-klima","13":"product_cat-de-klimaleitung-de-klimaleitung","14":"product_cat-de-klimaleitung","15":"product_cat-de_renault","16":"product_cat-en_renault","17":"product_cat-fr_renault","18":"product_cat-en_slug_renault_scenic_665","19":"product_cat-fr_slug_renault_scenic_252","20":"product_cat-de_slug_renault_scenic_718","21":"product_cat-fr-vf1rfa00564438413-200000514","22":"product_cat-de-vf1rfa00564438413-200000514","23":"product_cat-en-vf1rfa00564438413-200000514","24":"product_shipping_class-tarif-1","25":"entry","27":"first","28":"instock","29":"taxable","30":"shipping-taxable","31":"purchasable","32":"product-type-simple"},"jetpack_sharing_enabled":true,"_links":{"self":[{"href":"https:\/\/occasions-teile.ch\/en\/wp-json\/wp\/v2\/product\/369256","targetHints":{"allow":["GET"]}}],"collection":[{"href":"https:\/\/occasions-teile.ch\/en\/wp-json\/wp\/v2\/product"}],"about":[{"href":"https:\/\/occasions-teile.ch\/en\/wp-json\/wp\/v2\/types\/product"}],"wp:featuredmedia":[{"embeddable":true,"href":"https:\/\/occasions-teile.ch\/en\/wp-json\/wp\/v2\/media\/369253"}],"wp:attachment":[{"href":"https:\/\/occasions-teile.ch\/en\/wp-json\/wp\/v2\/media?parent=369256"}],"wp:term":[{"taxonomy":"product_brand","embeddable":true,"href":"https:\/\/occasions-teile.ch\/en\/wp-json\/wp\/v2\/product_brand?post=369256"},{"taxonomy":"product_cat","embeddable":true,"href":"https:\/\/occasions-teile.ch\/en\/wp-json\/wp\/v2\/product_cat?post=369256"},{"taxonomy":"product_tag","embeddable":true,"href":"https:\/\/occasions-teile.ch\/en\/wp-json\/wp\/v2\/product_tag?post=369256"}],"curies":[{"name":"wp","href":"https:\/\/api.w.org\/{rel}","templated":true}]}}

<p><span><b>Technische Daten</b></p>
<p> Fahrzeug: Renault Scenic<br />
 Chassis Nr.: VF1RFA00564438413<br />
 Baujahr: 2020<br />
 Kilometer: 42871 KM<br />
 Leistung: 163 KW<br />
 Hubraum: 1332 ccm<br />
 Typ: 1RD102<br />
 Farbcode: blau<br />
 Hinweise: &#8211;</p>
<p> Versand: Versand nur in der Schweiz möglich.Im Ausland ist der Transport käuferseits.<br />
 Garantie: 3 Monate Garantie. Bitte beachten Sie, dass die Gewährleistung nur gültig ist, wenn der Ersatzteileinbau durch eine Fachwerkstatt/Meisterwerkstatt erfolgt. Das Ein- und Ausbau des Ersatzteiles kann nicht an uns verrechnet werden. </p>
<p> Ersatzteil: für andere Fahrzeugen (Marken) verfügbar auf anfrage. Tel.041 980 27 47. Mobil. 076 589 27 47</p>
<p> Kontakt<br />
  Adresse: Autoverwertung Brun AG<br />
           Mööslimatten 13<br />
           6218 Ettiswil<br />
  Telefon: 0041 (041) 980 27 47<br />
  Telefax: 0041 (041) 980 03 47</p>
<p> Wir bieten Ihnen weitere gebrauchte Autoteile zum Kauf an.<br />
 Tags: Klimaleitung, Air conditioning line, Conduite de climatisation<br />
</span></p>

<p>Technische Daten Fahrzeug: Renault Scenic Chassis Nr.: VF1RFA00564438413 Baujahr: 2020 Kilometer: 42871 KM Leistung: 163 KW Hubraum: 1332 ccm Typ: 1RD102 Farbcode: blau Hinweise: &#8211; Versand: Versand nur in der Schweiz möglich.Im Ausland ist der Transport käuferseits. Garantie: 3 Monate Garantie. Bitte beachten Sie, dass die Gewährleistung nur gültig ist, wenn der Ersatzteileinbau durch eine&hellip; <a class="more-link" href="https://occasions-teile.ch/en/produkt/renault-scenic-klimaleitung/">Continue reading <span class="screen-reader-text">Renault Scenic  Klimaleitung</span></a></p>
