{"id":356332,"date":"2025-05-25T00:41:26","date_gmt":"2025-05-25T00:41:26","guid":{"rendered":"https:\/\/occasions-teile.ch\/product\/vw-golf-dach-airbag-kopfairbag\/"},"modified":"2025-05-25T00:41:37","modified_gmt":"2025-05-25T00:41:37","slug":"vw-golf-dach-airbag-kopfairbag","status":"publish","type":"product","link":"https:\/\/occasions-teile.ch\/en\/produkt\/vw-golf-dach-airbag-kopfairbag\/","title":{"rendered":"VW Golf  Dach Airbag Kopfairbag"},"content":{"rendered":"<p><span><b>Technische Daten<\/b><\/p>\n<p> Fahrzeug: VW Golf<br \/>\n Chassis Nr.: WVWZZZAUZFW307074<br \/>\n Baujahr: 2015<br \/>\n Kilometer: 171977 KM<br \/>\n Leistung: 105 KW<br \/>\n Hubraum: 1598 ccm<br \/>\n Typ: 1VF108<br \/>\n Farbcode: Schwarz<br \/>\n Hinweise: &#8211;<\/p>\n<p> Versand: Versand nur in der Schweiz m\u00f6glich.Im Ausland ist der Transport k\u00e4uferseits.<br \/>\n Garantie: 3 Monate Garantie. Bitte beachten Sie, dass die Gew\u00e4hrleistung nur g\u00fcltig ist, wenn der Ersatzteileinbau durch eine Fachwerkstatt\/Meisterwerkstatt erfolgt. Das Ein- und Ausbau des Ersatzteiles kann nicht an uns verrechnet werden. <\/p>\n<p> Ersatzteil: f\u00fcr andere Fahrzeugen (Marken) verf\u00fcgbar auf anfrage. Tel.041 980 27 47. Mobil. 076 589 27 47<\/p>\n<p> Kontakt<br \/>\n  Adresse: Autoverwertung Brun AG<br \/>\n           M\u00f6\u00f6slimatten 13<br \/>\n           6218 Ettiswil<br \/>\n  Telefon: 0041 (041) 980 27 47<br \/>\n  Telefax: 0041 (041) 980 03 47<\/p>\n<p> Wir bieten Ihnen weitere gebrauchte Autoteile zum Kauf an.<br \/>\n Tags: Dach Airbag Kopfairbag, Airbagroof, Airbag Toit<br \/>\n<\/span><\/p>\n","protected":false},"excerpt":{"rendered":"<p>Technische Daten Fahrzeug: VW Golf Chassis Nr.: WVWZZZAUZFW307074 Baujahr: 2015 Kilometer: 171977 KM Leistung: 105 KW Hubraum: 1598 ccm Typ: 1VF108 Farbcode: Schwarz Hinweise: &#8211; Versand: Versand nur in der Schweiz m\u00f6glich.Im Ausland ist der Transport k\u00e4uferseits. Garantie: 3 Monate Garantie. Bitte beachten Sie, dass die Gew\u00e4hrleistung nur g\u00fcltig ist, wenn der Ersatzteileinbau durch eine&hellip; <a class=\"more-link\" href=\"https:\/\/occasions-teile.ch\/en\/produkt\/vw-golf-dach-airbag-kopfairbag\/\">Continue reading <span class=\"screen-reader-text\">VW Golf  Dach Airbag Kopfairbag<\/span><\/a><\/p>\n","protected":false},"featured_media":356329,"template":"","meta":[],"product_brand":[],"product_cat":[1826,1825,945,947,949,1824,627,624,621,1281,1284,1287,1283,1286,1280,24508,24506,24507],"product_tag":[],"class_list":{"0":"post-356332","1":"product","2":"type-product","3":"status-publish","4":"has-post-thumbnail","6":"product_cat-fr-airbag-toit","7":"product_cat-en-airbagroof","8":"product_cat-de-airbags","9":"product_cat-en-airbags","10":"product_cat-fr-airbags","11":"product_cat-de-dach-aairbag-kopfairbag","12":"product_cat-fr-electricite-dispositifs-de-commande","13":"product_cat-en-electrics-control-units","14":"product_cat-de-elektrik-steuergeraete","15":"product_cat-de_golf","16":"product_cat-en_golf","17":"product_cat-fr_golf","18":"product_cat-en_volkswagen","19":"product_cat-fr_volkswagen","20":"product_cat-de_volkswagen","21":"product_cat-fr-wvwzzzauzfw307074-200000468","22":"product_cat-de-wvwzzzauzfw307074-200000468","23":"product_cat-en-wvwzzzauzfw307074-200000468","24":"product_shipping_class-tarif-1","25":"entry","27":"first","28":"instock","29":"taxable","30":"shipping-taxable","31":"purchasable","32":"product-type-simple"},"jetpack_sharing_enabled":true,"_links":{"self":[{"href":"https:\/\/occasions-teile.ch\/en\/wp-json\/wp\/v2\/product\/356332","targetHints":{"allow":["GET"]}}],"collection":[{"href":"https:\/\/occasions-teile.ch\/en\/wp-json\/wp\/v2\/product"}],"about":[{"href":"https:\/\/occasions-teile.ch\/en\/wp-json\/wp\/v2\/types\/product"}],"wp:featuredmedia":[{"embeddable":true,"href":"https:\/\/occasions-teile.ch\/en\/wp-json\/wp\/v2\/media\/356329"}],"wp:attachment":[{"href":"https:\/\/occasions-teile.ch\/en\/wp-json\/wp\/v2\/media?parent=356332"}],"wp:term":[{"taxonomy":"product_brand","embeddable":true,"href":"https:\/\/occasions-teile.ch\/en\/wp-json\/wp\/v2\/product_brand?post=356332"},{"taxonomy":"product_cat","embeddable":true,"href":"https:\/\/occasions-teile.ch\/en\/wp-json\/wp\/v2\/product_cat?post=356332"},{"taxonomy":"product_tag","embeddable":true,"href":"https:\/\/occasions-teile.ch\/en\/wp-json\/wp\/v2\/product_tag?post=356332"}],"curies":[{"name":"wp","href":"https:\/\/api.w.org\/{rel}","templated":true}]}}

<p><span><b>Technische Daten</b></p>
<p> Fahrzeug: VW Golf<br />
 Chassis Nr.: WVWZZZAUZFW307074<br />
 Baujahr: 2015<br />
 Kilometer: 171977 KM<br />
 Leistung: 105 KW<br />
 Hubraum: 1598 ccm<br />
 Typ: 1VF108<br />
 Farbcode: Schwarz<br />
 Hinweise: &#8211;</p>
<p> Versand: Versand nur in der Schweiz möglich.Im Ausland ist der Transport käuferseits.<br />
 Garantie: 3 Monate Garantie. Bitte beachten Sie, dass die Gewährleistung nur gültig ist, wenn der Ersatzteileinbau durch eine Fachwerkstatt/Meisterwerkstatt erfolgt. Das Ein- und Ausbau des Ersatzteiles kann nicht an uns verrechnet werden. </p>
<p> Ersatzteil: für andere Fahrzeugen (Marken) verfügbar auf anfrage. Tel.041 980 27 47. Mobil. 076 589 27 47</p>
<p> Kontakt<br />
  Adresse: Autoverwertung Brun AG<br />
           Mööslimatten 13<br />
           6218 Ettiswil<br />
  Telefon: 0041 (041) 980 27 47<br />
  Telefax: 0041 (041) 980 03 47</p>
<p> Wir bieten Ihnen weitere gebrauchte Autoteile zum Kauf an.<br />
 Tags: Dach Airbag Kopfairbag, Airbagroof, Airbag Toit<br />
</span></p>

<p>Technische Daten Fahrzeug: VW Golf Chassis Nr.: WVWZZZAUZFW307074 Baujahr: 2015 Kilometer: 171977 KM Leistung: 105 KW Hubraum: 1598 ccm Typ: 1VF108 Farbcode: Schwarz Hinweise: &#8211; Versand: Versand nur in der Schweiz möglich.Im Ausland ist der Transport käuferseits. Garantie: 3 Monate Garantie. Bitte beachten Sie, dass die Gewährleistung nur gültig ist, wenn der Ersatzteileinbau durch eine&hellip; <a class="more-link" href="https://occasions-teile.ch/en/produkt/vw-golf-dach-airbag-kopfairbag/">Continue reading <span class="screen-reader-text">VW Golf  Dach Airbag Kopfairbag</span></a></p>
